of n?
1
Let m = 60 + -56. What is the units digit of m/12 - -107*1/3?
6
Let s = -145 + 857. What is the units digit of s?
2
Let r be (-11)/(-2) - 1/2. Let s(k) = -k**3 + 6*k**2 + 3*k + 8. Let n be s(r). Let j = 80 - n. What is the tens digit of j?
3
Suppose 3*z - m + 1177 = 297, -5*z - 1448 = 3*m. Let n be z/(-4) - (4 - 0). Let u = -29 + n. What is the units digit of u?
0
Let z = 485 - -27. What is the units digit of z?
2
Let p(s) = -s - 5. Let c be p(-12). Let j = -2 + c. What is the tens digit of -1 + (j - 3) + 19?
2
Suppose -6*z = -2*z + 44. Let g be (-4)/22 - (-339)/(-11). Let n = z - g. What is the units digit of n?
0
Let v = -26 + 28. Suppose 4*x - v*s - s - 6 = 0, 2*s = -4. Suppose 2*w - 184 + 72 = x. What is the units digit of w?
6
Suppose 4*v - 9*v - 3*a + 9 = 0, a = 4*v + 3. What is the tens digit of v + -1 + -1 + 169 + -8?
5
Let z be 144*1 - 15/(-5). Suppose -6*r = -9*r + z. What is the tens digit of r?
4
Let p(b) be the third derivative of -b**5/60 - 7*b**4/24 - b**3/2 - 10*b**2. Let m be p(-9). Let j = m - -97. What is the units digit of j?
6
Suppose -4*p + 106 + 14 = 0. Suppose -v = v - 2*u - p, 4*u - 24 = -3*v. What is the units digit of v?
2
Let p = 8295 - 2619. What is the tens digit of p?
7
Let u(r) be the second derivative of -4*r + 0*r**2 + 0 - 2/3*r**3. What is the units digit of u(-2)?
8
Let v be 7/((-21)/6) + (1 - -1). Suppose v*z + 2*z - 50 = 0. What is the tens digit of z?
2
Let f = -32 + 32. Suppose f = -5*x + 165 + 260. What is the tens digit of x?
8
Suppose 0*i = -2*i. Let o(k) = k - 1. Let n be o(i). What is the units digit of (-5)/(-10)*(-48)/n?
4
Suppose -8*z + 72 = -5*z. Let n = 22 + z. What is the tens digit of n?
4
Let u(m) = 11*m**2 - 20*m + 9. Let c(s) = -4*s**2 + 7*s - 3. Let k(f) = -17*c(f) - 6*u(f). Let o = 4 + -7. What is the units digit of k(o)?
2
Let s be -1*((-1 - 0) + 2). Let d(c) = -62*c + 3. Let p be d(0). What is the units digit of (p - -4)/(0 - s)?
7
Let o(k) = 3*k**2 + 132*k + 89. What is the units digit of o(-54)?
9
Let h = 1341 + -239. What is the tens digit of h?
0
Let q = -9 - -7. Let z be 3 + (q - 1) - -1. Let g(m) = 2*m**3 - m**2. What is the units digit of g(z)?
1
Suppose -26*m + 78*m = 271856. What is the units digit of m?
8
What is the units digit of 22/6*-164*-3?
4
Let q be 2/(-12) + (-637)/(-42). Suppose 2*y - 3*c + c = 0, 2*y + q = 5*c. Suppose y*f = 26 + 24. What is the units digit of f?
0
Suppose 0*o = -o - 1. What is the units digit of (171/(-12))/(o/8)?
4
Let k(l) be the first derivative of 3*l**2/2 - 5*l - 4. Let w be k(7). Let a = w - 13. What is the units digit of a?
3
Let d be ((-14)/(-4))/(6/660). Let f = d + -265. What is the units digit of f?
0
Suppose -22 = -4*h + 6. Let l be (3/(-6))/((-3)/12). Suppose l*m - b = h - 1, -b = 0. What is the units digit of m?
3
Suppose 0*v - 560 = -2*v. Suppose 3*j - v = -j. What is the units digit of j?
0
Suppose -14*v + 2005 - 171 = 0. What is the tens digit of v?
3
Suppose -862 = -2*t + 2*j, -4*t + 8*j - 7*j = -1733. Suppose -t = -11*s + 501. What is the tens digit of s?
8
Suppose -30 + 0 = -15*f. Suppose -2*u = 2*h + u - 125, 3*h - f*u - 194 = 0. What is the tens digit of h?
6
Let q = 131 + -69. What is the units digit of q + (-3 - (-3 - 0))?
2
Let w(y) = 93*y + 128. What is the units digit of w(6)?
6
Let q be ((-5)/(-30)*3)/(2/(-40)). What is the tens digit of (-32)/(-6)*(-45)/q?
2
What is the hundreds digit of 7/((-21)/12)*(-3065)/20?
6
Let b = -359 - -3565. What is the hundreds digit of b?
2
Suppose 0 = -14*a + 5243 + 7847. Suppose -19*x + 2*x = -a. What is the tens digit of x?
5
Let o(p) = 2*p**2 - 6*p + 6. Let k be o(4). Suppose -k = -v - 5*j, -3*v + 2*j - 26 = -0*j. Let f(a) = a**2 + 2*a + 9. What is the tens digit of f(v)?
3
Let u(p) = 25*p + 2. Let r(m) = -m. Let z(q) = -2*r(q) - u(q). What is the units digit of z(-2)?
4
What is the tens digit of 5 - (0 + -6)*(-396)/(-27)?
9
Suppose -2*h + 5*h - 6 = 0. Suppose 6*j - 280 = -h*j. What is the tens digit of j?
3
Suppose 3*h = -3*l + 876, 5*h + 0*h - l - 1454 = 0. What is the units digit of h?
1
Let d(i) be the first derivative of 257*i**3/3 + i**2 - i - 5. What is the hundreds digit of d(1)?
2
Let r be ((-14)/8)/((-5)/180). Let t = 119 - r. What is the tens digit of t?
5
Suppose -8*p = -7*p - 229. Suppose 4*b - p = 95. What is the units digit of b?
1
Suppose -5*j + 3*j = -6. Suppose -2 - 13 = -j*c. Suppose -u - f - 5 = -2*u, -c*f = 4*u - 65. What is the tens digit of u?
1
Let i = -14 + 20. Suppose y + i = 2*y. Suppose 0 = m - 4 - y. What is the tens digit of m?
1
Let i = 45 + -42. Suppose i*h + 6 = 12. What is the units digit of h?
2
Suppose -o - 6 = -3*o. Let r be (o - 3) + 2 - -1. Suppose -90 = -8*v + r*v. What is the units digit of v?
8
Let n(o) be the first derivative of 3 + 50/3*o**3 + 0*o - 1/2*o**2. What is the tens digit of n(1)?
4
Let f be 756/(-77) - 2/11. Let s be (-4)/6*1515/f. Suppose -s = -2*n - 27. What is the units digit of n?
7
Let a = 30 - -26. What is the units digit of a/6*12/8?
4
Suppose 4409 + 3592 = 9*q. What is the hundreds digit of q?
8
Let p = -236 - -628. What is the tens digit of p?
9
Let y(c) = -c**3 - 18*c**2 - 3*c + 288. What is the tens digit of y(-19)?
0
Suppose 123 = -d + 4*d. Suppose 3 = 3*p, 4*o - d - 82 = p. Let h = o - 16. What is the tens digit of h?
1
Let k(l) = 12*l + 18. Let b be k(10). Suppose 789 = 3*d + b. What is the units digit of d?
7
Suppose 5*o - 1766 = -4*w, -2*o - 3*o - w = -1754. What is the units digit of o?
0
Suppose -3*o + 2500 = 5*n, -2*o + 238 - 1222 = -2*n. What is the units digit of n?
7
Let p(q) = 2*q + q + 71 - 141 + 72. Suppose 0 = -4*f + x + 7, x + 11 - 2 = 5*f. What is the units digit of p(f)?
8
Let o be 7 + -1 + 1*-3. Suppose -4*y = o*q - 13, -q = -5*y - 3*q + 25. Suppose 43 + y = 2*j. What is the units digit of j?
5
What is the tens digit of (1 + -2)*(-17 - 366) + -4?
7
Let u be (-7)/(-35) + (-52)/10. What is the units digit of (-2)/u - (-715)/25?
9
Let x(z) = -458*z + 78. What is the units digit of x(-4)?
0
Let j be (-824)/(-28) + (-4)/(-7). Let i(p) = -p + 7. Let a be i(0). Suppose -a*m = -4*m - j. What is the units digit of m?
0
Suppose -410 = -2*o + 106. What is the tens digit of o?
5
Suppose -7259 = -9*v - 8*v. What is the tens digit of v?
2
What is the tens digit of (7/(-14))/(3/(-2694))?
4
Let z = 25 - 23. Suppose -3*s + z*s - 824 = 0. What is the units digit of s/(-12) + (-20)/(-15)?
0
Let x(d) = 30*d**2 + 15*d + 1. What is the hundreds digit of x(3)?
3
Let s(g) = -2683*g - 24. What is the units digit of s(-1)?
9
Suppose -16*b + 493 + 227 = 0. What is the tens digit of b?
4
Let a be (-1 - (-8)/6)/((-4)/(-60)). Suppose 0 = -t + 3*i - 5*i + 101, 3*i = a*t - 453. What is the units digit of t?
3
Suppose 3*t + 110 = 107. What is the units digit of 4674/27 - t/(-36)*4?
3
Let b be 25 + (-8)/20*-5. Let u = b + 13. What is the tens digit of u?
4
Suppose 20*b - 6*b = -56. What is the units digit of (b + 11)*5/(70/528)?
4
Suppose -4*h - 15 = -3*q + 12, 5 = 4*q + 5*h. Suppose -q = -n - 9. Let u(i) = -10*i - 2. What is the tens digit of u(n)?
3
What is the hundreds digit of (1 + 0)/((-5)/(-8063 + -2))?
6
Let p(d) = -d**2 - 50*d - 31. What is the units digit of p(-21)?
8
Let r be 2/(-2) + -1 + -2. Let l(a) = -7*a - 4. What is the units digit of l(r)?
4
Suppose -11 = 4*j - 3*j. Let r be (-1 - -4)/(j/(-55)). Suppose w - 68 = -r. What is the units digit of w?
3
Suppose 0 = 5*p + 5*r - 50, 27 + 14 = 5*p + 2*r. Let t be ((-1 - 20) + 0)*-9. Suppose -p*x + 4*x = -t. What is the units digit of x?
3
Let y(z) = z**2. Let c be y(1). Let k(i) = 20*i + 2. What is the tens digit of k(c)?
2
Let d = -35 + 42. Suppose 0*j + d*j = 266. What is the units digit of j?
8
Let z be 5*28*(-35)/(-20). Suppose -4*s - 4*w = -242 - 254, 2*s + 3*w = z. What is the tens digit of s?
2
Let w(z) = -z**3 + 3*z**2 + 34*z + 36. What is the tens digit of w(-9)?
0
Let p be 20/7*(9/(-2) + 8). What is the hundreds digit of (1 + -2 - p)*-13?
1
Suppose -4 = -2*y, y - 43 - 431 = -4*w. Let f = -78 + w. What is the tens digit of f?
4
Suppose 30535 = 11*d + 2892. What is the tens digit of d?
1
Suppose 2*m + 3*t - 30 = 70, 0 = -3*m + t + 139. Let c(r) = 54*r + 6 + 2*r**2 + 0 - m*r. What is the tens digit of c(-4)?
1
Let d = 9 + -4. Suppose 4*s = d*w - 40, 4*w - 4*s